{"id":2,"date":"2013-09-30T17:14:24","date_gmt":"2013-09-30T17:14:24","guid":{"rendered":""},"modified":"2018-07-21T15:13:01","modified_gmt":"2018-07-21T13:13:01","slug":"impressum","status":"publish","type":"page","link":"https:\/\/www.nordstein.at\/literatur\/impressum\/","title":{"rendered":"Impressum"},"content":{"rendered":"<p><strong>Offenlegung gem. \u00a725 Mediengesetz:<\/strong><\/p>\n<p><strong>Medieninhaberin und Herausgeberin:<\/strong>\u00a0Eva Steinheimer, 1110 Wien<\/p>\n<p><strong>Kontakt: <\/strong>hej(at)nordstein.at<\/p>\n<p><strong>Fotos:<\/strong> Wenn nicht anders angegeben\u00a0Copyright (c) nordstein<\/p>\n<p><strong>Haftungsausschluss:<\/strong><\/p>\n<p>Ich\u00a0\u00fcbernehme keine Verantwortung f\u00fcr den Inhalt externer Links. Wenn Sie inhaltliche Bedenken gegen\u00fcber einer verlinkten Seite haben, teilen Sie mir\u00a0das bitte per E-Mail mit. Der Link wird dann \u00fcberpr\u00fcft und wenn notwendig entfernt.<\/p>\n<p>&nbsp;<\/p>\n","protected":false},"excerpt":{"rendered":"<p>Offenlegung gem. \u00a725 Mediengesetz: Medieninhaberin und Herausgeberin:\u00a0Eva Steinheimer, 1110 Wien Kontakt: hej(at)nordstein.at Fotos: Wenn nicht anders angegeben\u00a0Copyright (c) nordstein Haftungsausschluss: Ich\u00a0\u00fcbernehme keine Verantwortung f\u00fcr den Inhalt externer Links. Wenn Sie inhaltliche Bedenken gegen\u00fcber einer verlinkten Seite haben, teilen Sie mir\u00a0das bitte per E-Mail mit. Der Link wird dann \u00fcberpr\u00fcft und wenn notwendig entfernt. &nbsp;<\/p>\n","protected":false},"author":2,"featured_media":0,"parent":0,"menu_order":2,"comment_status":"open","ping_status":"open","template":"","meta":{"footnotes":""},"_links":{"self":[{"href":"https:\/\/www.nordstein.at\/literatur\/wp-json\/wp\/v2\/pages\/2"}],"collection":[{"href":"https:\/\/www.nordstein.at\/literatur\/wp-json\/wp\/v2\/pages"}],"about":[{"href":"https:\/\/www.nordstein.at\/literatur\/wp-json\/wp\/v2\/types\/page"}],"author":[{"embeddable":true,"href":"https:\/\/www.nordstein.at\/literatur\/wp-json\/wp\/v2\/users\/2"}],"replies":[{"embeddable":true,"href":"https:\/\/www.nordstein.at\/literatur\/wp-json\/wp\/v2\/comments?post=2"}],"version-history":[{"count":3,"href":"https:\/\/www.nordstein.at\/literatur\/wp-json\/wp\/v2\/pages\/2\/revisions"}],"predecessor-version":[{"id":507,"href":"https:\/\/www.nordstein.at\/literatur\/wp-json\/wp\/v2\/pages\/2\/revisions\/507"}],"wp:attachment":[{"href":"https:\/\/www.nordstein.at\/literatur\/wp-json\/wp\/v2\/media?parent=2"}],"curies":[{"name":"wp","href":"https:\/\/api.w.org\/{rel}","templated":true}]}}